ors of 3165?
3, 5, 211
List the prime factors of 14194.
2, 47, 151
What are the prime factors of 1199?
11, 109
List the prime factors of 75299.
7, 31, 347
What are the prime factors of 7793?
7793
List the prime factors of 57201.
3, 23, 829
List the prime factors of 1398.
2, 3, 233
What are the prime factors of 9597?
3, 7, 457
List the prime factors of 3865.
5, 773
List the prime factors of 81393.
3, 13, 2087
What are the prime factors of 272?
2, 17
What are the prime factors of 33407?
11, 3037
List the prime factors of 1594.
2, 797
What are the prime factors of 441?
3, 7
List the prime factors of 5608.
2, 701
What are the prime factors of 29571?
3, 9857
What are the prime factors of 2385?
3, 5, 53
List the prime factors of 20634.
2, 3, 19, 181
List the prime factors of 13773.
3, 4591
What are the prime factors of 360?
2, 3, 5
List the prime factors of 62815.
5, 17, 739
List the prime factors of 861.
3, 7, 41
List the prime factors of 11371.
83, 137
What are the prime factors of 564?
2, 3, 47
What are the prime factors of 208?
2, 13
What are the prime factors of 1521?
3, 13
List the prime factors of 34260.
2, 3, 5, 571
What are the prime factors of 2777?
2777
What are the prime factors of 1248?
2, 3, 13
What are the prime factors of 381?
3, 127
List the prime factors of 13866.
2, 3, 2311
What are the prime factors of 22597?
59, 383
What are the prime factors of 10183?
17, 599
List the prime factors of 14321.
14321
What are the prime factors of 746?
2, 373
List the prime factors of 2808.
2, 3, 13
List the prime factors of 2074.
2, 17, 61
List the prime factors of 752.
2, 47
What are the prime factors of 2054?
2, 13, 79
What are the prime factors of 655?
5, 131
What are the prime factors of 1139?
17, 67
What are the prime factors of 1294?
2, 647
What are the prime factors of 18390?
2, 3, 5, 613
What are the prime factors of 446?
2, 223
List the prime factors of 1369.
37
List the prime factors of 44323.
127, 349
List the prime factors of 1570.
2, 5, 157
What are the prime factors of 57101?
11, 29, 179
List the prime factors of 21.
3, 7
What are the prime factors of 11388?
2, 3, 13, 73
List the prime factors of 702.
2, 3, 13
What are the prime factors of 6004?
2, 19, 79
What are the prime factors of 33727?
29, 1163
List the prime factors of 2974.
2, 1487
What are the prime factors of 4401?
3, 163
List the prime factors of 38284.
2, 17, 563
List the prime factors of 37351.
41, 911
What are the prime factors of 34551?
3, 11, 349
What are the prime factors of 88580?
2, 5, 43, 103
What are the prime factors of 12579?
3, 7, 599
What are the prime factors of 6396?
2, 3, 13, 41
List the prime factors of 649.
11, 59
List the prime factors of 740.
2, 5, 37
List the prime factors of 14889.
3, 7, 709
List the prime factors of 17872.
2, 1117
List the prime factors of 870.
2, 3, 5, 29
What are the prime factors of 8520?
2, 3, 5, 71
What are the prime factors of 909?
3, 101
List the prime factors of 701.
701
List the prime factors of 2682.
2, 3, 149
What are the prime factors of 77692?
2, 19423
What are the prime factors of 9604?
2, 7
What are the prime factors of 3866?
2, 1933
What are the prime factors of 6897?
3, 11, 19
List the prime factors of 2803.
2803
What are the prime factors of 2239?
2239
List the prime factors of 3391.
3391
List the prime factors of 3817.
11, 347
List the prime factors of 5377.
19, 283
What are the prime factors of 7724?
2, 1931
List the prime factors of 4607.
17, 271
What are the prime factors of 1378?
2, 13, 53
List the prime factors of 37719.
3, 11, 127
What are the prime factors of 1946?
2, 7, 139
What are the prime factors of 3153?
3, 1051
What are the prime factors of 95?
5, 19
List the prime factors of 603.
3, 67
What are the prime factors of 150?
2, 3, 5
List the prime factors of 189.
3, 7
List the prime factors of 1115.
5, 223
List the prime factors of 2768.
2, 173
What are the prime factors of 26449?
26449
What are the prime factors of 33825?
3, 5, 11, 41
What are the prime factors of 13416?
2, 3, 13, 43
What are the prime factors of 2957?
2957
List the prime factors of 31798.
2, 13, 1223
List the prime factors of 33879.
3, 23, 491
What are the prime factors of 158274?
2, 3, 977
List the prime factors of 873.
3, 97
List the prime factors of 4923.
3, 547
List the prime factors of 13127.
13127
What are the prime factors of 23770?
2, 5, 2377
List the prime factors of 34007.
31, 1097
List the prime factors of 52993.
197, 269
What are the prime factors of 1742?
2, 13, 67
What are the prime factors of 2732?
2, 683
What are the prime factors of 183718?
2, 97, 947
List the prime factors of 584.
2, 73
What are the prime factors of 1602?
2, 3, 89
List the prime factors of 19868.
2, 4967
What are the prime factors of 2594?
2, 1297
What are the prime factors of 6620?
2, 5, 331
List the prime factors of 1313.
13, 101
List the prime factors of 33797.
33797
List the prime factors of 430.
2, 5, 43
What are the prime factors of 6387?
3, 2129
What are the prime factors of 43658?
2, 83, 263
What are the prime factors of 37055?
5, 7411
What are the prime factors of 5156?
2, 1289
List the prime factors of 6278.
2, 43, 73
List the prime factors of 1060.
2, 5, 53
What are the prime factors of 875?
5, 7
What are the prime factors of 71497?
19, 53, 71
What are the prime factors of 101596?
2, 11, 2309
List the prime factors of 1242.
2, 3, 23
List the prime factors of 149.
149
What are the prime factors of 75785?
5, 23, 659
List the prime factors of 34546.
2, 23, 751
What are the prime factors of 1738?
2, 11, 79
List the prime factors of 1335.
3, 5, 89
What are the prime factors of 2395?
5, 479
What are the prime factors of 1624?
2, 7, 29
List the prime factors of 90.
2, 3, 5
List the prime factors of 1073.
29, 37
List the prime factors of 190332.
2, 3, 17, 311
List the prime factors of 138.
2, 3, 23
What are the prime factors of 38045?
5, 7, 1087
List the prime factors of 3467.
3467
List the prime factors of 7500.
2, 3, 5
What are the prime factors of 6168?
2, 3, 257
What are the prime factors of 17522?
2, 8761
What are the prime factors of 111557?
281, 397
What are the prime factors of 25000?
2, 5
List the prime factors of 3077.
17, 181
What are the prime factors of 9122?
2, 4561
What are the prime factors of 3528?
2, 3, 7
What are the prime factors of 407?
11, 37
What are the prime factors of 267?
3, 89
What are the prime factors of 1883?
7, 269
What are the prime factors of 1412?
2, 353
What are the prime factors of 10769?
11, 89
What are the prime factors of 41546?
2, 20773
What are the prime factors of 16348?
2, 61, 67
What are the prime factors of 1681?
41
List the prime factors of 18678.
2, 3, 11, 283
What are the prime factors of 4982?
2, 47, 53
List the prime factors of 10451.
7, 1493
List the prime factors of 126940.
2, 5, 11, 577
What are the prime factors of 11019?
3, 3673
What are the prime factors of 2916?
2, 3
What are the prime factors of 492?
2, 3, 41
List the prime factors of 59282.
2, 29641
What are the prime factors of 22354?
2, 11177
List the prime factors of 1592.
2, 199
List the prime factors of 276.
2, 3, 23
List the prime factors of 3210.
2, 3, 5, 107
What are the prime factors of 1102?
2, 19, 29
List the prime factors of 60289.
60289
List the prime factors of 11985.
3, 5, 17, 47
List the prime factors of 99374.
2, 11, 4517
List the prime factors of 32880.
2, 3, 5, 137
What are the prime factors of 212?
2, 53
What are the prime factors of 6962?
2, 59
What are the prime factors of 18853?
17, 1109
List the prime factors of 12208.
2, 7, 109
What are the prime factors of 7207?
7207
List the prime factors of 4520.
2, 5, 113
What are the prime factors of 13149?
3, 487
List the prime factors of 34109.
23, 1483
What are the prime factors of 108849?
3, 13, 2791
What are the prime factors of 3186?
2, 3, 59
List the prime factors of 7782.
2, 3, 1297
What are the prime factors of 9132?
2, 3, 761
List the prime factors of 1128.
2, 3, 47
What are the prime factors of 392?
2, 7
List the prime factors of 45755.
5, 9151
What are the prime factors of 9079?
7, 1297
List the prime factors of 153936.
2, 3, 1069
List the prime factors of 1367.
1367
What are the prime factors of 127?
127
List the prime factors of 13722.
2, 3, 2287
List the pr